 = -w + 5. Let t be l(3). What is x(t)?
-6
Let i(a) be the second derivative of 7*a**3/6 - a**2/2 - 15*a. Give i(-1).
-8
Let z(d) = d**3 + 18*d**2 + 18*d + 15. Let a be z(-17). Let y(r) = 6*r + 2. What is y(a)?
-10
Let m(h) = -6*h. Let a = 42 + -25. Suppose 0 = 3*s + a - 2, -4*x + 3*s = -27. Let w be (-2 - -1)*(x - 2). Give m(w).
6
Let o(m) = -2*m**2 - m**3 - 34*m + 3*m**3 + 0*m**2 + 2 + 31*m. Determine o(2).
4
Suppose -3*l + 5*l = 0. Let w = -2 - -2. Let b(y) = l + w + y. Give b(0).
0
Let n(q) = -q**2 + 4*q - 5. Let l(j) = -j**2 - 3*j + 14. Let r be l(-6). Let t(b) = -b + 1. Let c be t(r). What is n(c)?
-10
Let v = -81 - -75. Let g(u) = -u**2 - 7*u. What is g(v)?
6
Let d(l) = -2*l - 1. Let r = 17 - 6. Let y = r - 7. Suppose -4*v - y = -2*v. What is d(v)?
3
Let o(p) = p + 1. Let v(u) be the second derivative of u**5/20 + 5*u**4/12 - u**3/6 + u**2/2 - 2*u. Let a be v(-5). Suppose 0*n + a = 3*n. Give o(n).
3
Let l = 6 + -4. Suppose 3 = -2*q + 5*z, -5 = -q - l*q - 2*z. Let a(i) be the third derivative of i**4/3 - i**3/6 - i**2. Determine a(q).
7
Let w(l) = -l**3 + 3*l**2 - l - 2. Suppose 3 = -2*k + b + 7, 3*k + 3*b - 15 = 0. What is w(k)?
-5
Suppose 4*s = -3 - 5, -4*x + 18 = 5*s. Let p = x + -2. Let z(j) be the third derivative of j**6/120 - j**5/10 + j**4/6 + j**2. Determine z(p).
-5
Let y(q) = -q**3 + 6*q**2 - 7*q + 6. Suppose -6*c = 3*c - 36. Give y(c).
10
Let n(a) be the third derivative of -a**5/60 + a**4/6 + a**3/2 - 5*a**2. Determine n(6).
-9
Suppose -6*d + 65 = -d. Let c = -8 + d. Let b(w) be the second derivative of -w**4/12 + 5*w**3/6 - 5*w**2/2 + 2*w. Give b(c).
-5
Let r(o) = -o - 2. Let y be r(-9). Let g(h) = 1 - 3*h**3 - y*h**3 + 2*h**3. Let k be (-2*(-2 - -3))/2. Determine g(k).
9
Let p(c) be the second derivative of 3/2*c**2 + 0 - 1/6*c**3 + c. Suppose 8 = -5*a - 12. Determine p(a).
7
Let u(h) = h**3 + 8*h**2 + 5*h - 11. Let t be u(-7). Let w(k) = -2*k**2 + 3*k + 4. What is w(t)?
-5
Let z(g) = 17*g**2 - g - 5. Let d(l) = -6*l**2 + 2. Let h(j) = 11*d(j) + 4*z(j). What is h(2)?
2
Suppose 6*p = -3*a + 3*p + 3, -2*a = 3*p + 3. Let o(x) = -1 - a + 0 + 4 - 2*x. What is o(-2)?
1
Let h(u) = u**3 + u**2 - 2. Suppose 3*a = 2*p + 8, -4*a - p - p + 6 = 0. Give h(a).
10
Let l be 1/(-1)*(15 - 13). Let s(z) = z**2 + 3*z - 1. What is s(l)?
-3
Suppose 5*l = -3*b + 2, 0*b = -b - 1. Let d(r) = 5*r**3 - r**2 - r + 1. Give d(l).
4
Let y = -21 + 37. Suppose -8 = -5*a + 12. Suppose b - y = -5*k, -a*b = -2*k - 9 + 33. Let h(u) = -u - 6. Give h(b).
-2
Let x(g) = -g**3 + 6*g**2 + 2*g - 8. Suppose 2*l = 11 + 1. Determine x(l).
4
Suppose -2*c = 3*c. Let a(q) be the second derivative of -q**3/6 - q**2/2 - 2*q. Give a(c).
-1
Let g(f) be the third derivative of f**7/840 - f**6/72 + f**5/120 - 5*f**4/24 - 7*f**3/6 + 2*f**2. Let c(a) be the first derivative of g(a). Give c(5).
0
Let r(n) be the first derivative of -n**6/120 + n**5/60 + n**4/12 - n**3/2 + n**2/2 + 1. Let l(o) be the second derivative of r(o). Determine l(2).
-3
Let u = 10 + 15. Suppose u = -4*w + 9. Let c(s) = 5*s**2 + 5 + 4*s**3 + 6*s - s**3 - 2*s**3. What is c(w)?
-3
Suppose 178 - 190 = 4*a. Let u(i) = i**2 + 5*i + 3. Determine u(a).
-3
Let k(x) be the third derivative of -x**5/60 - x**4/4 + 7*x**3/6 - x**2. Suppose 0 = -9*l + 360 - 414. Calculate k(l).
7
Let h = -109 + 110. Let g(x) be the second derivative of 1/3*x**3 + 0 - x - 1/2*x**2 + 1/3*x**4. Calculate g(h).
5
Suppose 14 = h + 3*d, -h + 5 + 1 = d. Let r(y) be the second derivative of -2/3*y**3 + 0 - 1/12*y**4 + 5/2*y**h + 2*y. What is r(-4)?
5
Let x(j) be the second derivative of j**5/20 + j**4/2 - 4*j**3/3 - 5*j**2 + 17*j. Determine x(-7).
-3
Let r(a) = -1 - 3*a + 2 + 0*a. Suppose 2 + 2 = 4*n. Give r(n).
-2
Suppose 2 = -4*u + 10. Let s(f) = -6 + 5*f - 6*f**2 + 10 + f**3 + f**u. Suppose -2 = 3*g - 14. Calculate s(g).
8
Let r be -3*(-1 + 14/6). Let b(s) be the second derivative of 2*s - s**2 + 0 - 1/2*s**3. What is b(r)?
10
Suppose i = f - 0 - 2, -4*f = -i - 20. Let t(c) = -c**2 + 5*c - 8. What is t(f)?
-14
Let z = -25 - -21. Let l(c) = c + 4. Determine l(z).
0
Let p(z) be the second derivative of 0*z**2 - 1/6*z**3 + z + 0 + 1/4*z**4. What is p(-1)?
4
Let w(r) = -r + 3. Suppose -s + 2 = 2*v - 7, 3*v - s = 6. Let y be -1*v*1/(-3). Let t be (13 + -7)*y/(-2). Determine w(t).
6
Let s be 2/(-3)*(-21 + 3). Let l = -8 + s. Let j(h) = l*h**2 - 6 - 3*h**2 + 0*h**2. What is j(0)?
-6
Let b(r) be the second derivative of r**3/6 + 4*r**2 - 4*r. Let f be b(-7). Let h be (-20)/8*(f + 1). Let w(j) = -j**3 - 5*j**2 + 2. Calculate w(h).
2
Let m(g) = 6*g**3 - g. Let k be m(1). Let j(s) = s**3 + s. Let d(v) = 4*v**3 + 4*v**2 + 11*v - 3. Let l = 3 + -2. Let n(z) = l*d(z) - 5*j(z). Give n(k).
2
Suppose 3 = 3*r - 0*r. Let d(t) be the second derivative of 13*t**3/6 - t**2/2 - 11*t. What is d(r)?
12
Suppose 4*r = 6 + 6. Suppose 0*u - r*u - 12 = 0. Let d(t) = t**3 + 4*t**2 - 2*t - 5. Determine d(u).
3
Suppose 3*t + 0*t + 3 = 0. Let n be 4*(1 - (-3)/(-6)). Let j(c) = 3*c**2 + 4*c**n - 4*c**2 - c**2. Determine j(t).
2
Let g be 3/(-2) + 21/6. Let v(s) = 0*s - s**2 + 2 + 2*s**g + 5*s - 8. Give v(-5).
-6
Let f be (4 + (-5)/2)*2. Let n(h) be the third derivative of h**2 + 0*h - 1/2*h**f + 0 + 1/24*h**4. Calculate n(3).
0
Suppose 2*q + 31 - 25 = 0. Let i(r) = -r**3 - 2*r**2 - 4*r - 4. Calculate i(q).
17
Let g(a) be the second derivative of a**5/20 + 5*a**4/6 + 5*a**3/3 + 5*a**2 + 17*a. What is g(-9)?
1
Let l(j) = -3*j**2 + 4*j + 1. Let s(z) = 2*z**2 - 4*z - 1. Let n(m) = 5*l(m) + 6*s(m). What is n(-3)?
-16
Let l(x) = -x. Let n(c) = -5*c - 1. Let j(g) = 11*l(g) - 2*n(g). Determine j(-8).
10
Let t(p) be the second derivative of -1/2*p**2 - p + 2/3*p**3 - 1/24*p**4 + 0. Let y(f) be the first derivative of t(f). Determine y(-5).
9
Let p(s) = s**2 + 6. Let n be p(0). Let f(y) = y + 1. Calculate f(n).
7
Let m(y) = -y - 4. Let r be m(-5). Suppose -r = 4*q + 19. Let i(d) be the second derivative of d**3/6 + d. Determine i(q).
-5
Let g(i) = i**2 - 8. Let j be g(-3). Let s(d) = -8*d**3 + d**2 - d + 1. Determine s(j).
-7
Let x(y) be the third derivative of -y**5/60 - y**4/24 + y**3/2 - 10*y**2. What is x(0)?
3
Let m(s) = -s**3 + 9*s**2 + 10*s - 3. Let a be m(10). Let i(g) = -4*g - 4. Calculate i(a).
8
Let y(z) be the third derivative of z**4/12 + z**3/6 + 2*z**2. Calculate y(-6).
-11
Let u(x) = -x**2 - x**2 + 7 + x**2 + x. Suppose 11*v - 4*n - 8 = 7*v, 4 = -2*n. Give u(v).
7
Let t = -59 + 56. Let f(h) = 5*h + 1. What is f(t)?
-14
Let j(q) be the first derivative of q**3/3 - 2*q**2 - 3*q + 42. Determine j(4).
-3
Let k(w) = -w + 3 - 2*w + 2*w. Give k(-3).
6
Let t be (1*1/12)/2. Let w(g) be the third derivative of 0 - 2*g**2 + 7/6*g**3 + 0*g + t*g**4. What is w(-5)?
2
Let p(j) be the second derivative of -j**3/6 + 7*j**2/2 - 48*j. Suppose 15 = -2*l - s - 4*s, -5*s - 35 = -2*l. Determine p(l).
2
Suppose 17*l + 3 = 14*l. Let o(c) = c + c**2 + 1 - c**2 + c**2. Give o(l).
1
Let f(l) = l + 8. Let d be f(-6). Let n(m) = 0*m - m - 3*m**d - 2*m**2. Let o be 1 + 0 + 0/(-2). What is n(o)?
-6
Let f(v) = -2*v**3 + 9 + 6*v**3 + 0*v**3 + 6*v**2 - 3*v**3 + 3*v. Give f(-6).
-9
Let l be (-2)/(-1)*(-2)/4. Let a(k) be the first derivative of 3*k**4/4 + k**3/3 + k**2/2 + 7*k - 6. Let y(o) be the first derivative of a(o). What is y(l)?
8
Let x(z) = -3*z**2 - 2*z - 2. Let f = 7 + -9. Calculate x(f).
-10
Let u = 7 - 0. Let z(s) = 3*s - s + s**2 - u*s + 5. Let h(v) = v**3 + 5*v**2 + 4. Let p be h(-5). Determine z(p).
1
Let n(w) = -w - 10. Let o be n(-12). Let v(t) = -2*t**2 + 1. Calculate v(o).
-7
Suppose 5*y + 64 = -2*j, 65 + 8 = -5*y + j. Let d = y + 13. Let r(u) = -2*u. Give r(d).
2
Suppose 2*y = -18 + 24. Let n(p) be the third derivative of -3*p**2 + 1/60*p**5 + 0*p - 1/12*p**4 + 1/6*p**y + 0. Calculate n(2).
1
Let o(i) = -9 - i + 10 + 3*i. Calculate o(5).
11
Let k be (2/(-1) + -2)/1. Let a(d) = -d**2 - 3*d + 1. What is a(k)?
-3
Let m(w) = -2 + 2*w**3 - w**3 - 3*w**2 - 4*w + 0*w. Suppose -h + 3 = -1. Calculate m(h).
-2
Let m(k) = -k**2 - 6*k + 7. Let r = 60 + -68. Give m(r).
-9
Let c(k) = -k**2 - k + 10. Let z(t) = t**2 + 2*t - 9. Let v(l) = 2*c(l) + 3*z(l). What is v(-5)?
-2
Let m(o) = o**3 - 6*o**2 + 2*o + 2. Let p be 0/(1 + (-9)/(-3)). Suppose 4*c - 4*q + q - 5 = p, 0 = -3*c - 3*q + 9. Calculate m